Suppose 0 = -n*x + 13*x - 18. Let a(l) be the third derivative of l**4/24 - l**3/3 + 2*l**2. Calculate a(x).
4
Let c(o) = -o**2 + 175704 + 0*o**2 - 3*o**3 - 175708. Determine c(-3).
68
Let b(s) = s**3 + 14*s**2 - 15*s + 3. Let w be b(-15). Suppose -21*f + 20*f - w = 0. Let z(y) = y**3 + 2*y**2 - 3*y + 4. Determine z(f).
4
Let v(d) = 3*d - 12. Let z be (-3)/(-18) - 788/(-24). Suppose -z = y + 4*o - 37, -2*y - o + 8 = 0. Calculate v(y).
0
Let h(p) = -p**3 + 2*p**2 - 1. Let n(k) = 3*k**2 - 9*k - 4. Let g be n(4). Suppose -2*d = 2*x, -x = -4*x + 5*d - g. What is h(x)?
2
Let f(l) = -l**2 + l - 2. Let u be f(0). Let x be (4 - 7 - u)/(1/(-4)). Suppose 0 = x*h - q + 16, h - 4 = 2*h + 2*q. Let y(z) = z**2 + 6*z + 2. Calculate y(h).
-6
Let t(u) = 32*u - 127. Let h be t(4). Let y(k) = 5*k**3 - k**2 + k - 1. What is y(h)?
4
Let g(t) = t**2 - 3*t - 8. Let x = -3116 - -3122. Calculate g(x).
10
Let g(z) = 2*z**3 + z - 1. Suppose 3*t + 2*f - 35 = 0, -3*t - 5*f + 23 + 24 = 0. Suppose -16 = -7*w - t. What is g(w)?
2
Let j be ((-126)/(-10) - 13) + 266/(-10). Let m(v) = 14*v + 380. What is m(j)?
2
Let h(z) = 81*z**2 - 54*z + 32*z - 2*z**3 - 3 + 3 - 18*z. Determine h(40).
0
Let c(y) be the third derivative of -2*y**5/15 + 2*y**3/3 - 3*y**2 + 1397*y. Give c(2).
-28
Let l(y) be the third derivative of -y**6/360 - y**5/15 + 5*y**4/4 + y**3/6 + y**2 + 8*y. Let c(s) be the second derivative of l(s). Determine c(-6).
4
Suppose 4*d + 0 = 2*a + 18, -4*a - 20 = 0. Let c(m) = -518*m**d - 3 + 525*m**2 + 3. Determine c(-1).
7
Let z(s) = -s**2 + 7*s - 3. Let x(c) be the third derivative of -3*c**4/4 - 5*c**3 - 3*c**2. Let p be x(5). Let d be (-2 + 2 - -28)*(-30)/p. Give z(d).
-3
Let n(d) = -3*d**3 - d**2 - 3*d + 5. Let w(h) = h**3 + h**2 + h - 2. Let q(b) = 2*n(b) + 5*w(b). Let u = -273 - -275. What is q(u)?
2
Let f = 101 - 102. Let o be f + -5 + 9 - 5. Let w be 0/o - (0 + -2). Let x(a) = -a**3 + a**2 - 3*a + 5. Calculate x(w).
-5
Let u = 4 + 1. Suppose j - 36 = -u*j. Let p(s) = -2*s**2 - 7*s + 10. Let a(i) = i**2 + 8*i - 9. Let m(t) = 3*a(t) + 2*p(t). What is m(j)?
17
Let x(f) = 2*f**2 + 2*f. Let a be 2/4*-30*(-2)/6. Suppose -23 = -a*q + b - 13, -3*q = -b - 6. Calculate x(q).
12
Let d(g) = 15*g**2 - 615*g - 15. Let h(x) = 7*x**2 - 284*x - 7. Let q(a) = 6*d(a) - 13*h(a). Let n(w) = w + 4. Let f be n(-4). Suppose 3*o = -f - 3. Give q(o).
-2
Let y(p) = 1. Let a(c) = -4*c - 5. Let b(i) = -a(i) - 3*y(i). Suppose 2830*j - 2338*j = -1476. Calculate b(j).
-10
Let c(y) = 7*y - 6. Let p(o) = -3*o**3 + 4*o**3 + 5 + 15*o**2 - 22*o**2 - 12*o + 31. Let t be p(8). Calculate c(t).
22
Let y(q) = q**2 - 8*q - 22. Let f = 1474 - 1464. What is y(f)?
-2
Let k(l) = -4*l**3 - 3*l**2 + 79*l + 20. Let t(c) = 3*c**3 + 4*c**2 - 52*c - 21. Let n(d) = -2*k(d) - 3*t(d). Give n(-6).
35
Suppose h + 2 = 3. Let m(i) = -2*i**3 + i - 3 - 3*i + h - 3*i**2 + 0*i**3. Suppose -2091*w = -2041*w + 100. Calculate m(w).
6
Suppose -88 = 50*w - 388. Let n be ((-15)/(-2))/((-9)/(-108)*w). Let b(x) = x - 5. Determine b(n).
10
Let o(h) = 7*h**3 + 20*h**2 + 24*h - 14. Let d(i) = -9*i**3 - 20*i**2 - 26*i + 13. Let w(q) = 3*d(q) + 4*o(q). What is w(-19)?
2
Let f(p) = 18*p - 1. Let q be (9/(-18) + (-10)/12)/(148/(-111)). What is f(q)?
17
Let k(h) be the first derivative of -h**3/3 + 23*h**2/2 - 132*h + 1654. Determine k(14).
-6
Let r(j) = -89*j - 171 + 95*j - 33 + 38. What is r(26)?
-10
Let o be 12/54 + (-228)/54. Suppose 4*a = 3*x + 11, -5*a + 0*a + 3*x + 13 = 0. Let q(l) = -l + 7*l + 0 - a + 4 + l**2. Determine q(o).
-6
Let q(l) = -l**3 - 2 - 4*l + 5 - 3 + 2*l**2. Suppose -2*x + 34 = 4*w, -x = -5 - 0. Let v be (-3)/((-135)/w) + 86/30. Calculate q(v).
-21
Let q(s) = -5*s**3 - 7*s + 2. Let y(j) = j**3 - j**2 + j. Let b(n) = -q(n) - 6*y(n). Let o be 14*1 - (151 - 142). Calculate b(o).
28
Let o(v) = -17*v + 140. Let r(y) = -y + 9. Let n(l) = -o(l) + 6*r(l). Calculate n(8).
2
Let o(r) = r**3 - 24*r**2 + 10*r - 25. Let s(j) = -3*j**2 + j - 1. Let i(v) = o(v) - 6*s(v). Calculate i(7).
58
Let y(z) = -9*z - 3 - 3*z**2 + 3 - z**3 + 6*z - 3. Let o = -3 + 3. Let w be -2 - (o - -1) - -1. Give y(w).
-1
Let n(r) = 10*r**2 - 2*r - 6. Let w be n(3). Let t = 73 - w. Let k(j) = -j**3 - 7*j**2 - 9*j + 3. What is k(t)?
-2
Let f(g) = 61*g - 116*g - 46 - 9 + 57*g. Let s be f(27). Let j(t) = 8*t**2 - 1. What is j(s)?
7
Let k(i) = 1272 - 3807 + 1286 + 1298 - 6*i - 4*i. Give k(7).
-21
Let l be (1 - (-33)/(-9))*-18. Suppose 3*h + l = -a, -3*a + 5*h - 74 = -0*a. Let v = a - -28. Let w(k) = -k**2 - 7*k - 7. Calculate w(v).
3
Let c = -30 - -20. Let r(l) = l**3 - 6*l**2 - 13*l - 22. Let u be r(8). Let w(v) = -11 - u*v**2 - 4*v**2 + 4*v**2 + v**2 - 12*v. Give w(c).
9
Let h(d) = d**3 - 7*d - 3. Let o be (-1971)/(-219) + (-6 - (2 - 2)). Calculate h(o).
3
Let s(u) = 16*u + 7873. Let v(o) = -o - 487. Let a(j) = -6*s(j) - 97*v(j). Let k = -13 - -21. Let q be (3/2)/((-6)/k). Give a(q).
-1
Let g(u) be the third derivative of -5*u**4/24 - 41*u**3/6 - 600*u**2. Calculate g(-6).
-11
Let m(n) = -n**3 - 2*n**2 + 5*n - 1. Let y = -262 + 152. Let p = 105 + y. Let f be (-315)/75 - 1/p. Give m(f).
11
Let s(v) be the first derivative of 2*v + 1/3*v**3 - 3/2*v**2 + 22. Let z be 18/(-63) + 60/14. Determine s(z).
6
Let v(p) = -59 + 2290*p**2 + 13*p - 2266*p**2 + 5*p - p**3 + 9*p. Give v(25).
-9
Let l(y) be the third derivative of -y**6/10 + y**5/20 - y**3/3 + 366*y**2. Give l(1).
-11
Let h(r) = -r**2 + 20*r - 4. Let q be 1 + 12 - (-2 + -4). Let k be h(q). Let l(o) = -2*o + 35. What is l(k)?
5
Let p(t) = 16*t**2 - 6. Let k(b) = 3*b**2 - 6. Let v(w) = 5*k(w) - p(w). What is v(0)?
-24
Let b(z) = 17*z**3 + 6*z - 1. Let a(v) = 17*v**3 + 2*v**2 + 7*v - 1. Let n(p) = -4*a(p) + 5*b(p). Determine n(1).
10
Suppose 10 + 0 = 5*v. Suppose 1368 = -v*w + 14*w. Let l = w - 124. Let i(b) = b**2 + 7*b - 14. Calculate i(l).
16
Let b(h) be the first derivative of h**4/4 - 16*h**3/3 + 19*h**2/2 - h + 4472. Calculate b(14).
-127
Let i(v) be the second derivative of -v**6/72 - v**5/30 - v**4/12 - 21*v**3/2 - 41*v + 3. Let u(b) be the second derivative of i(b). Give u(-2).
-14
Let x(h) be the third derivative of h**5/20 - h**4/8 - 5*h**3/6 - 571*h**2. Give x(-2).
13
Let q(c) = -4*c + 3. Let z be 3/33 + 168/88. Suppose 2*j + 25 = -3*d, 0 = -z*d - 3*j - 10 - 15. What is q(d)?
23
Suppose 78 = 3*t + 36. Suppose -t*a + 15*a = 4*h + 11, -5*a = -3*h - 4. Let l(g) = g**3 + 3*g**2 - 5*g - 4. What is l(h)?
11
Let d(m) = 21 + 22 + 17 - 115 + 3*m. Determine d(18).
-1
Let l be 9/2*(-4)/(-6). Let o(z) = 62*z**2 + 67*z**2 + 63*z**2 + 7 - 193*z**2. Give o(l).
-2
Let t(y) = 2*y - 52. Let n(h) = -2*h**2 - 18*h - 548. Let u(f) = -n(f) + 10*t(f). Determine u(-18).
-8
Let l(i) = -2022 - 3*i**2 - 7*i + 2039 + 11*i**2 + 6*i**2 - i**3 - 5*i**2. Calculate l(8).
25
Let q be (33/6 + -1)*(-56)/(-21). Suppose 2 = q*o - 58. Let r(a) = -a + 10. What is r(o)?
5
Let z(t) be the second derivative of -t**4/24 - t**3/3 + 19*t**2/2 + 5*t + 2. Let a(o) be the first derivative of z(o). What is a(5)?
-7
Let z(q) = 3*q - 5. Let i(k) = -93*k + 845. Let a be i(9). Suppose -2*w - 10 = -4*w. Suppose o + a = f, -w*f + 9 = o - 19. Give z(f).
13
Let y(r) = -174*r - 6. Let w be y(12). Let x be 2/9 + w/(-54). Let b(z) = -x*z + 70*z - 30*z. Give b(6).
6
Let i(x) = -11*x + 30. Let q(o) = -2*o**2 - 293*o - 1127. Let l be q(-4). Calculate i(l).
-113
Let p be (76/(-12) - -7)/((-4)/(-18)). Let c(g) = 4 + 13*g**3 - 21*g**3 + 9*g**3 - 4*g**2 - 4*g. What is c(p)?
-17
Let j(i) = -336*i - 4700. Let y be j(-14). Let g(d) = 2*d - 3 - 3*d + 2*d. What is g(y)?
1
Let y = 615441 - 615451. Let a(q) = 3*q**2 - 15*q + 25. Let w(z) = -2*z**2 + 7*z - 13. Let x(f) = 3*a(f) + 5*w(f). Determine x(y).
10
Let p(g) = -g**2 + 2*g + 3. Let l = -23151 - -23160. Determine p(l).
-60
Let x be -5 + -17*(-5 - -4). Let q(v) = 17 + 97*v**3 - 12*v + 97*v**3 - 5*v**2 + 90*v**3 - 283*v**3 - 6*v**2. What is q(x)?
17
Let a(p) be the third derivative of p**4/24 - p**3/2 + 765*p**2 - 1. Let o = 4 - -1. Give a(o).
2
Let d(q) = 2*q + 9. Let a be d(-6). Let n(f) = 3*f - 9. Let u(o) = 2*o + 1 + 1 - 2 - 7 + 2. Let x(m) = 6*n(m) - 11*u(m). Determine x(a).
13
Let s = -11 - -16. Let r(b) = 1 - 2 + 3 - 1. Let u(i) = i**2 - 8*i + 11. Let n(j) = -5*r(j) + u(j). Give n(s).
-9
Let n = 8 - 14. Let q(u)